 Let l(o) = 19*o + 176. Let d be l(-9). Give w(d).
1
Suppose -4*f = 2 - 2. Let w(v) = -v**3 + v**2 + 9. Calculate w(f).
9
Let g(v) = -v**2 + 4*v + 13. Let t be g(5). Suppose -12*p - 100 = t*p. Let w(n) = 4*n + 2. What is w(p)?
-18
Let g(l) = -7*l**3 - 5*l**2 - 4*l - 5. Let n(w) = -w**3 - 1. Let f be -5 - (40/(-15))/((-4)/(-6)). Let x(h) = f*g(h) + 6*n(h). Determine x(-3).
5
Let b be 1025/(-574) - 3/14. Let k(f) = 5*f + 3 - 5*f + 3*f. Determine k(b).
-3
Let f = -19 - -24. Suppose -f*z - 5*w = 15, -w + 0 = 5*z + 15. Let t(p) = -9*p - 11. Let b(o) = -5*o - 6. Let g(l) = 5*b(l) - 3*t(l). Determine g(z).
-3
Let d(k) = k**2 - 8*k. Suppose -29 = -h + 4*g, -2*h + 5*g - 27 = -70. Give d(h).
9
Let a(f) = 17*f - 66*f + 17*f. Give a(1).
-32
Let j = 10 - 2. Let o = j - 3. Let a(z) = 6*z**2 + 4 - o*z**2 - 3*z - 8. Determine a(5).
6
Suppose 0*k + 3 = k. Let q be 4/k - (-2)/3. Let r(a) = 3*a**2 - 4*a + 2. What is r(q)?
6
Let u(l) = l**3 - l - 4 - 15*l**2 - 20*l**2 + 39*l**2 - 2*l**3. Calculate u(4).
-8
Let n(h) = -h**2 + 2*h + 6. Let y be n(-5). Let o = 35 + y. Let f(s) = s**3 - 7*s**2 + 4*s + 7. What is f(o)?
-5
Let h(i) = i**2 - 9*i + 3. Let t = 643 - 635. Calculate h(t).
-5
Let i(r) be the second derivative of 13*r + 0 + 0*r**2 + 1/6*r**3. Calculate i(7).
7
Let p(s) = 2*s + 3. Let u(y) = -3*y - 4. Let b(n) = -6*p(n) - 5*u(n). Determine b(1).
5
Let r(p) be the second derivative of p**4/12 - 5*p**3/3 + 4*p**2 - 104*p. Let v = -6 - -15. Determine r(v).
-1
Suppose 5*u + 5 = -0*n - 5*n, 4*u = -3*n - 1. Let o(b) = b**2 - 3. Give o(n).
6
Let s = 280 + -285. Let k(m) be the second derivative of m**4/12 - 7*m**2/2 + 5*m. What is k(s)?
18
Let n(p) = -p**3 - p**2 + p - 1. Let s(o) = 7*o**3 + 17*o**2 - 19*o + 13. Let t(y) = 6*n(y) + s(y). Determine t(-12).
19
Let c be ((-13)/13)/(-1 + (-18)/(-21)). Let w(l) = -l**3 + 7*l**2 - 2*l + 2. Give w(c).
-12
Suppose -n + 3 = -3*m + 2*n, 23 = 4*m + 5*n. Let q be (-2)/10 - (-1)/5. Let w(a) = -a**2 + q*a**2 - 1 - a + 2*a**2 - 1. Calculate w(m).
0
Let a be (33/(-55))/((-9)/(-10) - 1). Let n(o) = o**2 - 2*o - 5. What is n(a)?
19
Let m be 2/(-5)*(4 - (-303)/(-72)). Let y(q) be the second derivative of 1/2*q**3 - m*q**4 - 5/2*q**2 + 2*q + 0. What is y(4)?
-9
Let u(y) = 23 - 2 - 6*y + 1 + 5*y. What is u(9)?
13
Let q(h) = h**3 - 6*h**2 - 5. Suppose 4*t + 132 = w + 32, -5*w - 2*t = -478. Let z be 0 + (-5)/(20/w). Let j = z + 30. What is q(j)?
-5
Let z(w) = w**3 - 2*w**2 - 2*w - 1. Let m(s) = s**2 - 2*s. Let o be m(-3). Suppose 29*v = 24*v + o. Give z(v).
2
Let q(f) be the third derivative of 0*f + 0 + 1/24*f**4 - 3*f**2 - 2/3*f**3 + 1/12*f**5. Let u(s) = -s**2 + 1. Let x(o) = 2*q(o) + 11*u(o). Give x(4).
-5
Let p(h) = -h + h + 4 - 2*h - h. What is p(6)?
-14
Let t(s) = 1 - s**3 - 2 + 5*s**2 - 3*s + 0*s**2. Let n(u) = -u**3 + 4*u**2 - 2*u - 1. Let o(k) = 3*n(k) - 2*t(k). Suppose 0 = 8*x + 983 - 991. What is o(x)?
0
Let n(h) be the first derivative of -h**3/3 + 4*h**2 - 4*h - 1. Let b be (10/12)/((-45)/(-324)). What is n(b)?
8
Let b(g) = g**3 - 7*g**2 + 6*g + 3. Let p(w) = w - 5. Let q be p(8). Let t(k) = k + 3*k - 2*k + 4 - q*k. Let v be t(-2). What is b(v)?
3
Let x = -1 + 2. Let h(y) = 2*y**2 - 5*y + 8. Let q(a) = 5*a**2 - 11*a + 18. Let w(v) = 9*h(v) - 4*q(v). Determine w(x).
-3
Let d(q) = q**2 - 5*q - 9. Let m(y) = 5*y**2 - 59*y - 3. Let g be m(12). What is d(g)?
27
Suppose -23*u = -27*u + 20. Let y(b) = b**3 + 7*b**2 - 4*b**3 - u - 5*b**2 + 4. What is y(1)?
-2
Let a(g) = -4*g**2 + 5*g. Suppose -f = -5*f + 3*l + 3, -12 = -4*l. Let i(n) = -7*n**2 + 10*n + 1. Let d(r) = f*i(r) - 5*a(r). Let c = 4 - 1. Determine d(c).
9
Let c(r) = r**3 - 5*r**2 - r - 2. Let x(t) = -8*t - 33. Let u be x(-4). Let f(o) = -9*o - 4. Let w be f(u). What is c(w)?
-7
Let s = -25 + 30. Suppose 9 = -j + s*o, j = 6*j - o - 3. Let w(g) = g + 2 - 2*g**2 - 5*g + j + 9*g. Calculate w(4).
-9
Let i(p) = -p**3 + 8*p**2 + 11*p - 2. Suppose -7*s - 7 = -6*s - 4*v, 2*s + 3*v - 30 = 0. Give i(s).
16
Let y(r) = 4*r + 38. Let i(w) = -3. Let n(s) = -12*i(s) - y(s). Determine n(-3).
10
Let p(d) be the first derivative of 2*d**3/3 + 3*d**2/2 + 3*d + 11. Give p(-2).
5
Let r(g) = g**2 + 7*g + 6. Let x be (2/(-4))/((-8)/224). Suppose -17*v = -x*v + 18. Calculate r(v).
0
Let r be 46/16 + 6/48. Let j(a) = -3*a - 106 + 5*a**2 - a**2 - 2*a**r + 102 + 3*a**3. Give j(-5).
-14
Let q(p) = -p**2 - 4*p - 1. Let u be (-9)/(-1)*(-30)/(-90). Calculate q(u).
-22
Let v be (6 - 15)/(-3) - -3. Let a(u) = 2*u - 9. Give a(v).
3
Let c(q) = 2*q + 28. Let j be c(-21). Let d(w) = w**3 + 14*w**2 + w + 7. What is d(j)?
-7
Suppose 3*i = -d + 2, 2*d + 3 = -d. Let y be (2/(-4))/((-1)/12). Suppose y = -r + i. Let w(g) = g**2 + 5*g - 1. Give w(r).
-1
Let v(t) = t + 12. Let s be v(-13). Let p be (-204)/48 + s/(-4) + -1. Let w(y) = y + 1. Give w(p).
-4
Suppose -25 = -18*q + 65. Let r(y) = -y**2 + 7*y - 1. What is r(q)?
9
Let o be 2 + 1 + 0 + 8. Suppose -a + 26 = o. Suppose -3*u - n + 15 = 0, u + 0*n = 3*n + a. Let x(y) = -y**3 + 7*y**2 - 6*y + 7. What is x(u)?
7
Let y(f) = -6*f - 65. Let g be y(-11). Let q(n) = 5*n. Calculate q(g).
5
Let v(w) = -w**3 + 5*w**2 - 3*w + 3. Suppose -7*a + 3*a - 64 = 0. Let r = 17 + a. Let t = r - -4. Calculate v(t).
-12
Let c(s) = -s**3 - 5*s**2 - 4*s - 55. Let h be c(-6). Let n(q) = q**3 - 5*q**2 + 6*q - 5. Determine n(h).
25
Let g(i) be the second derivative of -i**3/6 + 4*i**2 + 194*i. Determine g(11).
-3
Let t be -4*1 + (14/(-1) - -9). Let n(h) = h**3 + 8*h**2 - 8*h + 8. What is n(t)?
-1
Let f(m) = m - 2. Let j be f(6). Let i(w) = w**3 - 5*w**2 + 6*w - 15. Let n(x) = 2*x**3 - 11*x**2 + 13*x - 29. Let t(u) = j*n(u) - 7*i(u). Calculate t(8).
5
Suppose 5*a = 4*a + 14. Let r be (-172)/a + 6/21. Let b be -3*3/((-27)/r). Let o(c) = c**2 + 6*c + 5. Determine o(b).
-3
Let k(u) = -u**3 - 3*u**2 + 4*u + 2. Let v(r) = 11*r**2 - 32 + 24 - 5*r + 5*r**3 - 11*r. Let l(b) = -9*k(b) - 2*v(b). Give l(4).
-2
Let o(k) be the third derivative of -k**4/24 + 5*k**3/6 - 211*k**2 + 2. Let w = -10 + 18. What is o(w)?
-3
Suppose -15*l = 6 + 9. Let b(w) = 3*w**2 + w. Give b(l).
2
Suppose -4*g - 2*g = 0. Let b be -1*((g - 2) + 5). Let p(a) = 2*a**2 + a - 4. Determine p(b).
11
Let v(b) = -7*b + 1. Let m be (-1 + 4)/(1 - 0). Suppose 0 = 8*w - 10*w + 26. Suppose -l - 12 = -4*l, 0 = -i - m*l + w. What is v(i)?
-6
Let p(w) = -w + 4. Let b(y) = y**2 - 17*y + 22. Let v be b(13). Let t be 10*(-4)/v*6. What is p(t)?
-4
Let g(h) = -4*h**2 + h - 7. Let z(k) = -3*k**2 + k - 6. Suppose 10 = 4*p + 2. Suppose 10 = -2*x - p. Let s(u) = x*g(u) + 7*z(u). Calculate s(1).
4
Let b = 931 + -916. Let y(u) = u - 26. What is y(b)?
-11
Let u(c) = -22*c**2 - c + 1. Let r(b) = 31*b**2 + 2*b - 1. Let p(g) = 5*r(g) + 7*u(g). Calculate p(-6).
20
Let l(k) = -53*k + 16*k - 2 + 21*k + 17*k. Suppose 10 - 45 = -5*o. Calculate l(o).
5
Let m(w) = w**3 - 9*w**2 + 8*w + 11. Let q be ((-93)/124)/(3/(-32)). Calculate m(q).
11
Let i(j) be the second derivative of 0 + j**2 - 8*j + 1/12*j**4 - 2/3*j**3. Let f be (-27)/(-6) - (-1)/(-2). Give i(f).
2
Let h(w) = 5*w**2 + 6*w + 5. Let m(o) = -11*o**2 - 13*o - 9. Let a(c) = 13*h(c) + 6*m(c). Let y = -179 - -179. Calculate a(y).
11
Let b(r) be the third derivative of -r**6/720 + r**5/60 - r**4/4 + 21*r**2. Let n(z) be the second derivative of b(z). What is n(4)?
-2
Suppose 5 = -5*b + 15. Suppose -15 = 5*h, -4*c + 11 = -b*h - 3. Let p(s) = -s**c - 4 - 5*s + 1 + 2. Give p(-5).
-1
Let q(m) be the third derivative of m**6/120 + 7*m**5/60 + m**4/6 - m**3/6 + 109*m**2. Give q(-3).
23
Suppose -i - 30 = 4*i. Let r(h) = -6*h + 6. Let g(c) = -17*c + 16. Let w be 75/7 + (-28)/(-98). Let m(j) = w*r(j) - 4*g(j). Determine m(i).
-10
Let a(q) be the first derivative of -q**4/4 + 2*q**3 - 2*q**2 - 5*q + 29. Let o(c) = -c**3 - 6*c**2 - c - 1. Let w be o(-6). What is a(w)?
0
Let t(p) = -48*p**2 + 4 + 37*p**2 - p**3 + 10*p**2 + p. Calculate t(0).
4
Let o(m) = 2*m**2 + 47*m - 154. Let j be o(3). Let p(x) = -2*x**2 + 7*x - 5. Give p(j).
-20
Let c(u) = u**3 - 4*u**2 - u - 1. Let i(s) be the third derivative of s**6/120 + 13*s**5/60 + s**4/24 + 8*s**3/3 - 33*s**2. Let v be i(-13). What is c(v)?
-13
Let l(w) = -w + 0*w + 2*w - 4. Let q = -3 - -5. Let j be (-5 + q - -2)/((-1)/2). What is l(j)?
-2
Let p(l) = -2*l**2 - 11*l - 1. Let 